
Is 26947 prime?
True
Is 357965 a composite number?
True
Is 9014 a composite number?
True
Is 90491 a prime number?
False
Is 104161 prime?
True
Is 1198369 a prime number?
False
Is 323 composite?
True
Is 319 prime?
False
Is 459911 prime?
False
Is 717 composite?
True
Is 996733 composite?
True
Is 12781 a composite number?
False
Is 658667 composite?
True
Is 8617 composite?
True
Is 955271 prime?
True
Is 1068751 a composite number?
False
Is 3691 a prime number?
True
Is 230539 a composite number?
False
Is 135263 prime?
False
Is 70753 a prime number?
True
Is 16961 composite?
True
Is 607393 a composite number?
True
Is 287491 a prime number?
True
Is 379 a composite number?
False
Is 13603 a prime number?
False
Is 621133 composite?
False
Is 419383 prime?
True
Is 15373 a prime number?
True
Is 177153 a prime number?
False
Is 1266535 prime?
False
Is 1399 a composite number?
False
Is 13171 a composite number?
False
Is 7703 a composite number?
False
Is 742499 a prime number?
True
Is 1742797 prime?
False
Is 19687 prime?
True
Is 182239 prime?
True
Is 24011 a prime number?
False
Is 622 composite?
True
Is 744737 prime?
False
Is 693305 composite?
True
Is 9601 a composite number?
False
Is 441169 composite?
False
Is 26903 a prime number?
True
Is 355 a prime number?
False
Is 21701 a composite number?
False
Is 4009 composite?
True
Is 3563653 a composite number?
False
Is 2959 a prime number?
False
Is 438173 composite?
True
Is 778469 composite?
False
Is 2599349 composite?
False
Is 628289 a prime number?
True
Is 1801 a prime number?
True
Is 74597 prime?
True
Is 6511 a composite number?
True
Is 3897389 a composite number?
False
Is 12449 composite?
True
Is 855263 prime?
False
Is 79855 prime?
False
Is 1973 prime?
True
Is 57367 a prime number?
True
Is 3271 a prime number?
True
Is 1295391 composite?
True
Is 7765 a composite number?
True
Is 78427 composite?
False
Is 68399 prime?
True
Is 8663 composite?
False
Is 237509 a composite number?
False
Is 10589 composite?
False
Is 26897 composite?
True
Is 184559 a prime number?
True
Is 11257 a prime number?
True
Is 57913 prime?
False
Is 45583 a composite number?
True
Is 245165 a prime number?
False
Is 83 a prime number?
True
Is 40791 a composite number?
True
Is 8611 a composite number?
True
Is 42593 prime?
False
Is 115949 a prime number?
False
Is 311991 prime?
False
Is 279133 prime?
False
Is 3389 prime?
True
Is 1311097 a prime number?
True
Is 1679699 a prime number?
False
Is 381 a prime number?
False
Is 1208461 a prime number?
True
Is 74341 a prime number?
False
Is 17083 a composite number?
True
Is 5939 composite?
False
Is 9731 composite?
True
Is 270619 composite?
False
Is 122651 prime?
True
Is 308621 prime?
True
Is 4712783 a prime number?
True
Is 14743 prime?
False
Is 42605 composite?
True
Is 86033 a composite number?
True
Is 23971 a prime number?
True
Is 18113 a composite number?
True
Is 135763 a composite number?
True
Is 50671 a prime number?
True
Is 10297 a composite number?
True
Is 1061161 composite?
True
Is 11903 a composite number?
False
Is 153991 a prime number?
True
Is 96469 prime?
True
Is 24385 a composite number?
True
Is 14213 prime?
False
Is 26165 a composite number?
True
Is 485 a prime number?
False
Is 1354334 a prime number?
False
Is 1319 prime?
True
Is 222031 a prime number?
False
Is 2685383 a prime number?
True
Is 25579 a composite number?
False
Is 23741 composite?
False
Is 1823 a prime number?
True
Is 2417335 a composite number?
True
Is 51949 composite?
False
Is 4783 a composite number?
False
Is 40027 prime?
False
Is 1709 prime?
True
Is 57419 prime?
False
Is 136601 composite?
False
Is 141383 a prime number?
False
Is 28783 prime?
False
Is 30181 composite?
False
Is 26905 prime?
False
Is 411351 a prime number?
False
Is 32885 prime?
False
Is 6029 a prime number?
True
Is 230653 a composite number?
False
Is 22693 composite?
True
Is 84011 a prime number?
True
Is 22229 a prime number?
True
Is 3833 prime?
True
Is 10939 composite?
False
Is 13751 prime?
True
Is 138983 composite?
True
Is 19841 prime?
True
Is 6637 a prime number?
True
Is 2743 prime?
False
Is 68521 prime?
True
Is 1847 a prime number?
True
Is 4246111 composite?
False
Is 16691 a composite number?
False
Is 1757585 a composite number?
True
Is 847787 composite?
False
Is 4931 composite?
False
Is 9166 a composite number?
True
Is 1589443 composite?
False
Is 14761 a composite number?
True
Is 3671 prime?
True
Is 224947 prime?
True
Is 21059 a prime number?
True
Is 109569 a composite number?
True
Is 12379 a composite number?
False
Is 18451 a composite number?
False
Is 11829 composite?
True
Is 169583 a prime number?
True
Is 915877 a prime number?
False
Is 767827 a prime number?
True
Is 16723 composite?
True
Is 33281 a prime number?
False
Is 23183 a prime number?
False
Is 4783 composite?
False
Is 1367 prime?
True
Is 337487 a prime number?
True
Is 12637 a composite number?
False
Is 20105 prime?
False
Is 55135 prime?
False
Is 924281 a prime number?
True
Is 19066 a prime number?
False
Is 7393 prime?
True
Is 2771 a composite number?
True
Is 2333 a composite number?
False
Is 3427 a prime number?
False
Is 323233 prime?
True
Is 24761 prime?
False
Is 1303823 a prime number?
True
Is 5623 a composite number?
False
Is 1621 a composite number?
False
Is 1467691 composite?
False
Is 18803 prime?
True
Is 29407 a composite number?
True
Is 97943 composite?
False
Is 366127 a composite number?
False
Is 6959 composite?
False
Is 119359 prime?
True
Is 183421 composite?
True
Is 48731 a prime number?
True
Is 22415 composite?
True
Is 15677 a composite number?
True
Is 473089 a prime number?
True
Is 31627 a composite number?
False
Is 13369 prime?
False
Is 323951 composite?
False
Is 6227 prime?
False
Is 11357 prime?
False
Is 160571 composite?
True
Is 998287 a prime number?
True
Is 5033 a composite number?
True
Is 23179 prime?
False
Is 4409 a composite number?
False
Is 95063 a composite number?
False
Is 1517 prime?
False
Is 595583 a prime number?
False
Is 1243 a composite number?
True
Is 58511 composite?
False
Is 1313621 a prime number?
True
Is 217807 a prime number?
False
Is 351269 composite?
False
Is 284957 a composite number?
False
Is 187379 a prime number?
True
Is 109741 composite?
False
Is 1735 a prime number?
False
Is 7207 prime?
True
Is 87251 a composite number?
False
Is 109598 a composite number?
True
Is 1847 a prime number?
True
Is 522799 prime?
False
Is 458449 a composite number?
False
Is 1471 prime?
True
Is 18623 a composite number?
True
Is 1584343 a composite number?
False
Is 789343 a composite number?
False
Is 190963 a prime number?
False
Is 701 a composite number?
False
Is 14809 prime?
False
Is 36289 a composite number?
True
Is 144113 a composite number?
True
Is 96493 a composite number?
False
Is 1912745 a prime number?
False
Is 97391 prime?
False
Is 336949 prime?
False
Is 719 prime?
True
Is 65903 composite?
True
Is 2027 a prime number?
True
Is 20851 composite?
True
Is 570173 composite?
False
Is 21787 composite?
False
Is 55439 composite?
False
Is 41371 a prime number?
False
Is 510793 prime?
True
Is 23773 composite?
False
Is 33671 a prime number?
False
Is 293331 a composite number?
True
Is 441923 a composite number?
False
Is 3191 composite?
False
Is 460501 prime?
False
Is 51449 composite?
False
Is 586 a prime number?
False
Is 60161 a prime number?
True
Is 15541 composite?
False
Is 161087 a prime number?
True
Is 9733 a prime number?
True
Is 235 a composite number?
True
Is 60317 composite?
False
Is 7111 a prime number?
False
Is 311279 a prime number?
True
Is 3943 prime?
True
Is 50887 prime?
False
Is 144161 a prime number?
True
Is 5221 composite?
True
Is 18021 prime?
False
Is 159897 composite?
True
Is 487349 a prime number?
True
Is 1039615 a prime number?
False
Is 84649 composite?
False
Is 24143 a composite number?
True
Is 1163 prime?
True
Is 96149 a composite number?
False
Is 1385273 prime?
True
Is 93355 a prime number?
False
Is 270209 a composite number?
False
Is 37039 a composite number?
False
Is 707359 a composite number?
False
Is 16603 prime?
True
Is 110701 composite?
True
Is 96257 a prime number?
False
Is 403609 a prime number?
False
Is 2096681 prime?
True
Is 10589 a prime number?
True
Is 2767 a prime number?
True
Is 142151 prime?
True
Is 10279 a composite number?
True
Is 490645 composite?
